4/a.
11, 59
Let h(g) = -g**3 + 2*g**2 + g + 6. Let x be h(6). Let u be (5/(-4))/(3/x). Suppose -2*t + 2*c + 50 = 0, 4*t - u = 2*t - 3*c. List the prime factors of t.
2, 13
Let c = -51 - -55. Let o = 30 - c. Let n(g) = 8*g. List the prime factors of n(o).
2, 13
Let d be (28 + -12)*(-2 - 2). List the prime factors of (d/(-5))/((-26)/(-195)).
2, 3
Let o(b) = 3*b**3 - 14 + 0*b + 11*b**2 + 0*b + 0*b. Let l(q) = 4*q**3 + 17*q**2 - 21. Let x(z) = 5*l(z) - 7*o(z). List the prime factors of x(7).
2, 3, 7
Let m(q) be the second derivative of -q**5/20 + q**4/12 + 61*q**2/2 + 68*q. Let w = 22 + -22. What are the prime factors of m(w)?
61
Let v be ((-13)/39)/(1/(-12)). Suppose v*l = -0*l - 48. What are the prime factors of (4 + (-195)/(-6))/((-3)/l)?
2, 73
Let k(g) = 72*g - 12. Let d(x) = 18*x - 3. Let u(m) = 9*d(m) - 2*k(m). Let q(v) = -1. Let p(z) = -4*q(z) - u(z). What are the prime factors of p(-8)?
151
Let y = 2071 - -31621. What are the prime factors of y?
2, 8423
Let w = -62 + 142. Let h = 99 - w. List the prime factors of h.
19
Suppose 0*b = -13*b - 4680. List the prime factors of (-5)/((-20)/174)*b/(-27).
2, 5, 29
Let z(t) = -2*t - 81. Let a be z(-10). Let s = 138 + a. List the prime factors of s.
7, 11
Let k be (-10)/(-4)*568/10. Let p = k + -50. Suppose d - p = -4*b - b, 434 = 4*d - 2*b. What are the prime factors of d?
107
Let n be 4 + 9/(18/(-8)). Suppose 6*k - 10*k - v + 2405 = n, -3*k = 3*v - 1815. Suppose -3*l + k = 9*l. What are the prime factors of l?
2, 5
Let y(r) be the first derivative of r**4/2 + r**3/3 - r**2 + 5*r - 7. Let t be y(0). List the prime factors of -5*t/(-75) - 538/(-6).
2, 3, 5
Let h = -5 - -7. Suppose -3*c - 5*f + 384 = -134, -h*c = 5*f - 352. List the prime factors of c.
2, 83
Let w(z) = z**3 + 7*z**2 + z + 2. Let c be w(-7). Let t be (c - -2 - -6) + -3. List the prime factors of 0 + 93 + t + 0/(-37).
3, 31
Suppose -326130 - 131088 = -18*u - 0*u. List the prime factors of u.
3, 8467
Let h(b) = 626*b - 5106. List the prime factors of h(12).
2, 3, 401
Let f(d) = 9*d**3 + 25*d**2 + 29*d + 14. Let b(o) = 6*o**3 + 17*o**2 + 19*o + 9. Let a(v) = 7*b(v) - 5*f(v). What are the prime factors of a(-4)?
137
Let t(j) = -474*j**3 + 3*j**2 - 6*j + 6. Let l be t(2). Let n = -2398 - l. What are the prime factors of n?
2, 347
Let n(h) = -1462*h - 2254. List the prime factors of n(-16).
2, 3, 13, 271
Suppose 24*h - 7*h - 85 = 0. Suppose -4*i = -h*y - 0*y - 1174, 3*y = -6. List the prime factors of i.
3, 97
Let d(k) = -2*k + 3. Let h(b) = 150*b + 31. Let o(x) = 4*d(x) - h(x). What are the prime factors of o(-2)?
3, 11
Suppose 186*u + 188*u = 14879590. What are the prime factors of u?
5, 73, 109
Let f(n) = 7*n - 41. Let w be f(7). Let x(b) = b**3 - 5*b**2 - 5*b + 13. List the prime factors of x(w).
3, 5, 11
Let c = -61 + 198. Suppose c*r - 139*r = -1106. List the prime factors of r.
7, 79
Suppose -37*b + 125055 = -408078. What are the prime factors of b?
3, 1601
Suppose 0 = -48*w + 58*w - 146630. What are the prime factors of w?
11, 31, 43
Let x = 339 + -342. What are the prime factors of 1093 + (-10)/(-6) + 20/x?
2, 17
Suppose 10 = 11*y - 12. Let n(s) = 80*s**3 + 2*s**2 - 4*s + 3. What are the prime factors of n(y)?
643
Let c = 243 - 172. Let o = c - 68. Suppose -4*n = -o*i + 111 + 399, -6 = -2*n. List the prime factors of i.
2, 3, 29
Let y = -3765 - -10573. What are the prime factors of y?
2, 23, 37
Suppose 202 = -r - 12. Let s = 366 + r. Let x = s - 73. List the prime factors of x.
79
Let a be (-74*(-3)/(-4))/((-93)/248). Let r = a + -94. What are the prime factors of r?
2, 3
Let j(g) = g**3 + 5*g**2 - 4*g + 1. Let b = -8 + 11. Let c be j(b). Suppose 4*q + s = 225, -2*q + q - 5*s = -c. What are the prime factors of q?
2, 7
Suppose 3*g = -r + 24394, 5*r - 48*g - 121922 = -51*g. What are the prime factors of r?
2, 73, 167
Let k(u) = 92*u**2 - 511*u - 25. What are the prime factors of k(-22)?
5, 11149
Suppose -3*o - 580 = -7*o. Suppose o = 11*z + 35. Suppose 4*m + 2*f = 4*f + 20, -2*m = f - z. What are the prime factors of m?
5
Suppose -765 = -92*b + 230416 - 29057. What are the prime factors of b?
13
Let h(f) = f**3 - 3*f**2 - 37*f + 140. Let t be h(5). Let k be (-366)/(1/((-6)/9)). List the prime factors of (t/10)/(1/k).
2, 61
Let f(a) = 2*a**3 - 22*a**2 + 51*a + 16. What are the prime factors of f(22)?
2, 71, 83
Let m be (-1142)/(-6) - (-6)/9. Suppose -3554*z + 3545*z = -27. Suppose m = z*h + l, l = 2*h - l - 130. What are the prime factors of h?
2
Suppose 16*b - 13180 = 6*b. Let n = b + -733. List the prime factors of n.
3, 5, 13
What are the prime factors of (-283)/(-566) + 11871/2?
2, 7, 53
Suppose 54 = -20*u - 86. Let q(d) = 15*d**2 + 21*d + 23. What are the prime factors of q(u)?
13, 47
Let z(l) = -36*l - 134. Suppose -4*o = 19 + 45. List the prime factors of z(o).
2, 13, 17
Let o = 142 - 187. List the prime factors of (-56)/12*o/6.
5, 7
Let r be (-1400)/(-21)*(1 - 11/5). Let q = 812 + r. Suppose 6*l = 576 + q. What are the prime factors of l?
2, 109
Suppose 1175*f - 1178*f + 5*u + 69229 = 0, -u + 46157 = 2*f. List the prime factors of f.
2, 11, 1049
Suppose 19 = -4*c + 55. Suppose 5*j = 2*j + c. Suppose -n = -2*r + 41, -7*r = -4*r - j*n - 66. What are the prime factors of r?
19
Let t be 2 + (-4)/4 + 1. Let y be 1/(t + (-15)/10). Suppose -4*h - 5*g = -244, -4*h = y*g + g - 244. What are the prime factors of h?
61
Suppose -a - 3*f = -174, 3*a - 3*f - 478 = -f. Let t = a - -13. What are the prime factors of t?
5, 7
Let v(j) = 25*j + 58. Let s be v(6). Let c be ((-212)/(-112) - (-5)/(-35))*s. Let n = c + -196. List the prime factors of n.
2, 3, 7
Let z be (3 - 8) + -8 + 15. List the prime factors of z*((-145)/(-10) - -1).
31
Let a(k) = -5*k**3 + 0*k**2 + k**2 - 2*k + 4 - 6*k**2. Let d be a(-4). Suppose 4*r = -4*g + 445 - 113, -2*r + d = 3*g. List the prime factors of g.
2, 43
Let o be 12/16 + (-7348)/(-16). Suppose z = 5*w + 80, 0*z = -5*z + 5*w + o. Suppose z = r + 11. List the prime factors of r.
2, 3, 7
Suppose 0 = 3*f + 5*h - 8 - 16, -9 = -3*h. List the prime factors of 0 - f - -7*(-6 + 71).
2, 113
Suppose 0 = 213*z - 212*z - 4*l - 6996, 0 = -5*l + 30. List the prime factors of z.
2, 3, 5, 13
Let r(h) be the second derivative of 5*h**4/4 - h**3/2 - 15*h. Let z be r(2). Let v = z + -15. List the prime factors of v.
3, 13
Let q(l) be the second derivative of -5*l**4/3 + 2*l**3/3 - 5*l**2 + 14*l. Let z be q(3). Let r = z - -298. List the prime factors of r.
2, 3, 5
Suppose -9 = -3*i, -k - 287 = k + 5*i. Suppose 125 = -5*t - 5*v, 39 + 76 = -4*t - v. Let r = t - k. What are the prime factors of r?
11
Let r be ((-12)/10)/(12/(-570)). Let q = r - 2. Let v = 57 - q. What are the prime factors of v?
2
Let i = 65972 - 39049. What are the prime factors of i?
13, 19, 109
Let k(s) = -2*s**3 + s**2 + 20*s + 2026. List the prime factors of k(0).
2, 1013
Let p = 8313 + -2936. List the prime factors of p.
19, 283
Suppose -4*l = -5*n + 13, 0 = -4*n - 15 + 3. Let t(y) = 16*y**2 - 6*y - 40. List the prime factors of t(l).
2, 3, 131
Let v = -859 + 490. Let f = 704 + v. What are the prime factors of f?
5, 67
Suppose 7037*t = 7054*t - 72250. What are the prime factors of t?
2, 5, 17
Let b = 3353 + -2401. What are the prime factors of b?
2, 7, 17
Let s = 29582 - 20610. List the prime factors of s.
2, 2243
Let s(d) = 2408*d**2 - 40*d + 92. What are the prime factors of s(3)?
2, 7, 773
Suppose -6 - 14 = -4*o. Suppose -6*x = 3*n - x - 960, -o*n + 3*x = -1634. Suppose -4*q + 953 - n = 0. List the prime factors of q.
157
What are the prime factors of (-4)/3*(-79123353)/2812?
37517
Suppose -25 = -5*r, -12432 = -4*m + 5*r + 9679. List the prime factors of m.
2, 2767
Suppose 4*s - 2*z + z = -159, s + 37 = 3*z. Let l = -40 - s. Suppose 3*q + 2*r = -2*r + 582, l = -q + 5*r + 213. What are the prime factors of q?
2, 3, 11
Let z(r) = -88 - 3*r + 173 - 15*r**2 - 4*r - 33*r**2 + 16*r**3 - 87. What are the prime factors of z(5)?
7, 109
What are the prime factors of (2118/15)/((-3 + 1)/((-620)/2))?
2, 31, 353
What are the prime factors of (-16)/(-24)*2241/(-4 + 88/20)?
3, 5, 83
Suppose 7*z - 63232 = 6*z - 3*z. What are the prime factors of z?
2, 13, 19
Suppose -2*g + 2*w = -62, g + 32 = 2*g - 2*w. Let a be (-42)/g - 2/(-5). List the prime factors of 420/50*(-10)/a